*w. What is the remainder when 18 is divided by k?
4
Let o = -85 - -91. Let t = 47 - 26. Calculate the remainder when t is divided by o.
3
Let m(b) = -b**2 - 2*b + 5. Let f be m(-3). Let l(g) = 2*g**2 - 4*g + 4. Calculate the remainder when 50/4 + 3/2 is divided by l(f).
2
Let i(x) = -x**3 + 7*x + 3. Let d be i(3). Calculate the remainder when 18/81*d - (-496)/6 is divided by 29.
24
Let k(m) = -2*m - 10. Let t be k(-7). Suppose 2*h - 39 = -3*f, -f - t*f - 31 = -2*h. Calculate the remainder when 63 is divided by h.
9
Let c = 32 - 171. Let l = c + 185. Calculate the remainder when 91 is divided by l.
45
Let o(i) = i**3 + 13*i**2 + 15*i + 24. What is the remainder when o(-8) is divided by 9?
8
Suppose -177 + 122 = -11*z. Calculate the remainder when 104 is divided by z.
4
Let z(f) = -12*f**3 - f**2 - f + 4. What is the remainder when z(-3) is divided by 72?
34
Let a(h) = -14*h - 2. Let k be a(-1). Let b = 10 + k. What is the remainder when 43 is divided by b?
21
Let g = 69 + 90. Let d = -157 + g. Calculate the remainder when 30 is divided by d.
0
Let d be 160/18 + 4/36. Suppose 6*i = d*i - 3*g - 108, -4*i + 144 = -g. What is the remainder when i is divided by 10?
6
Let z be 12/(-15)*(-30)/(-4). Calculate the remainder when z*((-3)/(-9) - 2) is divided by 4 + 2 + (-1 - -2).
3
Let u(v) = -119*v + 277. What is the remainder when 74 is divided by u(2)?
35
Let g(y) = -y**3 - 7*y**2 - 6*y + 26. Calculate the remainder when 41 is divided by g(-5).
5
Suppose 3*o + 15 = 0, 4*o = -181*y + 184*y - 1784. What is the remainder when y is divided by 5?
3
Let y be 5/(75/6)*5. Let k be -3*y/(0 - 2). Suppose k*t - 14 = t. What is the remainder when 11 is divided by t?
4
Suppose 0 = 695*i - 702*i + 77. What is the remainder when 54 is divided by i?
10
Let q = -26 - -79. Let i = -22 + 50. What is the remainder when q is divided by i?
25
Let u = 15 + -12. Suppose -4*t - 3 - 1 = 0, 0 = u*n - 3*t - 219. Let a = n + -51. Calculate the remainder when a is divided by 12.
9
Let f(o) = 3*o - 4. Let z(i) = i**2 + 17*i - 1. Let h(x) = x**2 + 16*x. Let m(c) = -5*h(c) + 4*z(c). What is the remainder when m(-11) is divided by f(3)?
2
What is the remainder when 40 is divided by (-20)/(-5) - -34 - -1?
1
Let i(h) = 2*h + 3. Let t be i(0). Suppose t*k = 69 + 12. Calculate the remainder when k is divided by 15/2*20/15.
7
Suppose -3*v = -4*v + 2. Suppose -v*n + 4 = 2*n. Let z = n + 5. Calculate the remainder when 23 is divided by z.
5
Suppose 3*i + 8 - 2 = -3*u, -u + 5*i = -10. Suppose u*q = q. Suppose q = 2*w - 22 - 6. Calculate the remainder when 55 is divided by w.
13
Let o be (-4)/(-3)*117/(-26). What is the remainder when 17 is divided by -6*(2 - (-16)/o)?
1
Let c be 0*4*(-4)/(-32). Suppose -v = -c*v - 27. Let h = v + -20. What is the remainder when h is divided by 3?
1
Let r(d) = -5*d + 420. Calculate the remainder when r(6) is divided by 190.
10
Let j(v) = 5*v**2 + 2*v. Let r be j(4). Suppose c + 7*c - r = 0. Calculate the remainder when 43 is divided by c.
10
Suppose 0 = 3*q + 15, -4*q + 4 = j + 2*j. Let o = j - -11. Suppose -14*y - 35 = -o*y. What is the remainder when 33 is divided by y?
5
Let u(a) = 10*a**2 - 47*a - 3. Suppose 0 = -j + 2*j - 99. Suppose 0*s - 3*s = -j. Calculate the remainder when s is divided by u(5).
9
Let v = -25 - -42. Suppose -9*j + 12*j + 3*b - 339 = 0, 0 = 3*j - 5*b - 363. Calculate the remainder when j is divided by v.
14
Suppose 3*r + 2 = 11. Let w = -86 - -90. Calculate the remainder when w is divided by r.
1
Let q(r) = r**3 - 3*r**2 + 3*r - 4. Let c(j) = -5*j - 14. What is the remainder when c(-4) is divided by q(3)?
1
Let b(i) = 5*i**2 + 16*i + 37. What is the remainder when (6/4)/((-9)/(-888)) is divided by b(-2)?
23
Let c be 472/(-10) + 1/5. Let q = c - -30. Let w = q + 25. What is the remainder when w is divided by 3?
2
Suppose 0 = -443*c + 441*c + 50. What is the remainder when 93 is divided by c?
18
Let o(h) = -25*h - 1817. Let c = 20 - 2. What is the remainder when c is divided by o(-73)?
2
Suppose -5*t + 5 = -0, 5 = 3*o - 4*t. Suppose -5 = -3*l + 2*n, -l - 24 = 3*l + 5*n. Calculate the remainder when 0 + 3 + (-3)/l is divided by o.
0
Let g be (10/6 + -1)*(15 + -6). Suppose -11*o = -g*o - 85. Calculate the remainder when 25 is divided by o.
8
Let z(f) = -f**3 - 32*f**2 + 13*f + 450. Calculate the remainder when z(-32) is divided by 30.
4
Let y(k) = -k**3 + 7*k**2 + 3*k. Calculate the remainder when y(4) is divided by 22.
16
Suppose -39*i + 156 = -33*i. Calculate the remainder when 27 is divided by i.
1
Suppose -s + 0*s = 3*g + 51, 15 = 5*g. Let b = -51 - s. Calculate the remainder when b is divided by 3.
0
Let q = 8 + 3. Let h(w) = 3*w**3 + 45*w**2 + 4*w + 92. Calculate the remainder when h(-15) is divided by q.
10
Suppose 3*q - s + 7 = 0, 2*q + 5*s + 4 = -12. Let m = q - -5. Suppose 10 = 3*c + 2*o, o = -m*c + c + 2. What is the remainder when 15 is divided by c?
3
Suppose -4*o + 0*o = -12. Suppose o*d + 4*t = 12, -t - 4*t + 20 = 5*d. Suppose 0 = 3*g + d - 25. What is the remainder when 19 is divided by g?
5
Calculate the remainder when -260*((-11)/(-2) + 36/(-6)) is divided by 69.
61
Let s = 43 - 36. Let c = -24 + 51. What is the remainder when c is divided by s?
6
Suppose 7*w - 593 = -194. Let i(x) = -15*x - 1. What is the remainder when w is divided by i(-2)?
28
Let h = -6 + 48. Let y be 232/(-10) - (-13)/65. Let f = y - -34. Calculate the remainder when h is divided by f.
9
Let p(c) = c**2 + 12*c + 13. Let s be p(-9). Let r = 70 + s. Let q(y) = y**2 + 3*y + 1. Calculate the remainder when r is divided by q(-6).
18
Suppose -2*u + 5*v + 113 = -2, -u - 2*v = -35. Suppose 0 = -2*i + 6*i - 64. What is the remainder when u is divided by i?
13
Let i(u) = 4*u - 102. What is the remainder when 106 is divided by i(31)?
18
Let t = -817 + 861. What is the remainder when 75 is divided by t?
31
Let m be (8/12)/(0 - 8/60). Calculate the remainder when 67 is divided by (-118)/m + 20/50.
19
Let r be (16/(-10))/(4/20). Let a(l) = l**2 + 12*l + 3. Let q be a(-12). Calculate the remainder when q/(-1) + (-168)/r is divided by 7.
4
Let t = -130 + 225. Suppose -2*h = -2*p + 1494 - 1570, -h + 44 = -2*p. Calculate the remainder when t is divided by h.
31
Let y(k) = -k**3 - 14*k**2 - 15*k - 16. Let u be y(-13). Suppose -5*h + u = -0. Suppose -h*o + 15 = -45. Calculate the remainder when 119 is divided by o.
29
Suppose -2*m - 566 = -4*w, 5*m = -w + 9*m + 124. What is the remainder when w is divided by 25?
19
Suppose -195 + 1040 = 5*v + 5*f, -2 = 2*f. Suppose 3*l = -v + 452. Calculate the remainder when l is divided by 32.
30
What is the remainder when 531 is divided by ((-112)/(-6))/(504/(-54) - -10)?
27
Suppose 3*g + 0*g - 63 = -5*d, -4*d + g + 64 = 0. Suppose -y = 4*m - 2*m - 33, 5*y + d = 2*m. What is the remainder when 72 is divided by m?
12
Let y = -6 - -1. Let o = y - -14. What is the remainder when 8/(-1 + (12/(-8) - -3)) is divided by o?
7
Let a = -3042 - -3074. What is the remainder when 1437 is divided by a?
29
Let f(z) = -4*z. Let j(r) = 7*r + 20. What is the remainder when j(-2) is divided by f(-1)?
2
Suppose -2*t - 3*o = -279, 4*t - 386 = t + 2*o. What is the remainder when t is divided by 15?
12
Let n be 2/(-3) + 664/24. Let i = -1 - -8. Calculate the remainder when i is divided by (-12)/(-54) + 102/n.
3
Let i = -709 + 2418. Calculate the remainder when i is divided by 38.
37
Let h(t) = 3*t - 7*t - 8*t + 3 + 4*t. Let q = -4 - 0. What is the remainder when h(q) is divided by 9?
8
Calculate the remainder when (78/18)/(-13) + (-301)/(-3) is divided by 19.
5
Let h be 240/(-42) - 6/21. Let y be h/(((-63)/(-12))/(-7)). Let d = y - -4. Calculate the remainder when 19 is divided by d.
7
Let r = 287 + -266. What is the remainder when 61 is divided by r?
19
Let a(k) = -k**3 - 3*k**2 - 2*k. Let z be a(-2). Let y be z/(1 + -2 - -3). Suppose 0 = -y*c + c - 32. Calculate the remainder when c is divided by 17.
15
Let m(b) = -b**3 - 9*b**2 + 13*b + 2. Let p be m(-10). What is the remainder when (-308)/(-6) - p/(-21) is divided by 13?
11
Let n(c) = -c**2 - 8*c - 9. Let l be n(-7). Suppose -10 = -t + 3*t. What is the remainder when 114 is divided by ((-348)/(-30))/(l/t)?
27
Let n(s) be the third derivative of s**5/20 + s**4/8 - s**3/6 - s**2. Let c(r) be the fi